erivative of -d**4/24 + 5*d**3/3 - 10*d**2. Let j be f(0). Let p = 31 - 11. What is the greatest common factor of p and j?
10
Let v be 10/(-2) - ((-888 - 12) + 4). Calculate the greatest common divisor of 11 and v.
11
Let b = -350 - -357. Calculate the highest common divisor of b and 161.
7
Let a = -32 - -41. Suppose -5*m + a*m = 76. Calculate the highest common factor of m and 133.
19
Suppose f - 2*s = -5*s, -5*f + 14 = s. Suppose 7*d = f*d. Suppose 5*c + d = 5. What is the highest common factor of 3 and c?
1
Suppose 4*m + x - 25 = 2*x, 0 = -5*m - x + 38. Let n = m + -6. Suppose 0 = 4*c - 9 + n. Calculate the highest common factor of 2 and c.
2
Let h = 117 - -377. Calculate the highest common factor of 26 and h.
26
Suppose -10 = -2*h, -10 = -2*t - h - h. Suppose t = -2*r - 4*s + 266, r = -r + 5*s + 275. Suppose 2*v - 75 = -3*v. What is the highest common factor of v and r?
15
Let x = 5363 + -5345. Let b(y) = -9*y. Let d be b(-2). What is the greatest common divisor of x and d?
18
Suppose b = 4*b - 12. Suppose 0 = -2*r - 8, b*u - 2*r - 6 = 74. Let o be (3/9)/(1/u). What is the highest common divisor of o and 9?
3
Let q = 48 + 142. What is the greatest common factor of 76 and q?
38
Let j(p) = -115 + 244 - 112 + p. Let a be j(4). Calculate the highest common factor of 21 and a.
21
Let a = 230 - 212. Calculate the highest common factor of a and 198.
18
Let x(i) = i**3 + 12*i**2 - 11*i - 13. Let w be x(-12). Let b be (-5)/(-20) + w/4. Calculate the greatest common factor of b and 45.
15
Let f(t) = 3*t - 6. Let x be f(3). Let u be (-18)/2*-1*x. Calculate the greatest common divisor of u and 3.
3
Suppose 0 = 2*f + 116 + 200. Let w = -39 - f. Calculate the highest common divisor of 17 and w.
17
Suppose -8*h = -144 + 32. Calculate the greatest common factor of 112 and h.
14
Let o be 2/4*(-3 + -7). Let i be 0 + -3 + 5 + o. Let y(h) = -8*h - 12. Let b be y(i). What is the highest common factor of 36 and b?
12
Let p(s) = -36 + 16 + 21 - 14*s. Let x be p(-1). What is the highest common divisor of 60 and x?
15
Let w be 29 + -28 + (-35)/(-1). What is the greatest common factor of w and 192?
12
Let j(w) = -w - 2 + w**2 + 5*w - 3*w + 3. Suppose 6*b + 40 - 16 = 0. Let r be j(b). Calculate the greatest common factor of r and 65.
13
Let p be (217/(-124))/((-1)/4). Let g(d) = 28*d**2 - d + 1. Let x be g(1). What is the highest common factor of x and p?
7
Let l be -9*(-12)/(-30)*315/(-6). What is the greatest common factor of l and 42?
21
Suppose f - 202 = c - 45, 0 = -2*f + c + 318. Calculate the greatest common divisor of 184 and f.
23
Suppose -5*s - 4*w - w + 5765 = 0, -s = -2*w - 1138. Let k be s/8 + 1 + 4/(-8). Calculate the highest common divisor of k and 16.
16
Let r = 1193 - 989. Calculate the highest common divisor of r and 24.
12
Suppose 9*j + 20 = 236. Let c = 2 - -10. What is the greatest common divisor of c and j?
12
Let b = 37 - 4. Let w = -278 - -283. Suppose w*r + 7*d - 159 = 4*d, r + d = b. What is the highest common factor of r and 20?
10
Let y(m) = 21*m**2 - 2*m - 1. Let w be y(-1). Let i be (-3)/(((-54)/(-572))/(-9)). Calculate the greatest common divisor of w and i.
22
Let r(k) = k + 114. Let o be r(-28). What is the highest common factor of 1462 and o?
86
Let w = -39 + 44. Suppose 7*c - 3*c = -r + 303, w*r - 4*c - 1587 = 0. Calculate the greatest common factor of 35 and r.
35
Let z(a) = -a**3 - 6*a**2 + 24*a + 9. Let y be z(-10). Let f be (1 - -12)*(3 + -2). Calculate the greatest common divisor of f and y.
13
Let t(h) = 3*h**2 + 2*h + 1. Let a be t(-1). Let n(m) = -2*m + 11. Let z be n(4). Suppose -2*f + 19 = z. What is the greatest common factor of a and f?
2
Let h = 1114 + -1107. What is the greatest common factor of h and 1687?
7
Suppose -245 - 30 = -11*q. Let y = q + 14. What is the greatest common factor of y and 351?
39
Suppose 5*f + 196 = -3*i, 3*i + 6*f - 9*f = -156. Let q = i + 64. Calculate the greatest common divisor of q and 7.
7
Let x be (-598)/(-5) - (-18)/45. Let y be -3*-4*(-2)/(-3). Calculate the greatest common factor of x and y.
8
Suppose -163 + 1783 = 27*n. What is the greatest common factor of n and 2220?
60
Suppose -4*p = 2*q - 690, 11*p = 15*p + q - 687. What is the highest common divisor of p and 45?
9
Suppose -k + 2*r - 32 = -5*k, 11 = k + 2*r. Calculate the greatest common factor of k and 1.
1
Suppose -3 = d, -2*d = -4*z + 35 - 13. What is the highest common divisor of 52 and z?
4
Let b(y) = -2*y + 3 + 1 - 2. Let q be b(-6). Suppose 9*g + 115 = q*g. What is the greatest common factor of 46 and g?
23
Suppose -77*u + 55*u = -59136. What is the greatest common divisor of 84 and u?
84
Let o = 171 - 17. Calculate the highest common factor of o and 22.
22
Let h(n) = 7*n**2 - 8*n + 7. Let u be h(1). Suppose 5*o + 50 = 3*v, -2*o - 2*o = -4*v + 64. What is the greatest common factor of u and v?
3
Suppose 4*j + 1948 = 11*v, 2*v - 260 = 2*j + 98. What is the highest common factor of v and 132?
44
Suppose 3*s + 2 = 4*s. Suppose -82 = -s*m - 2*i, 0*i + i = -4. Calculate the greatest common divisor of m and 5.
5
Let k(x) = x**3 - 10*x**2 - 8*x - 8. Let r be k(11). Let n be r*(-3 + 0 - -4). Calculate the highest common factor of n and 10.
5
Let v be -18*(0 + (-1 - 0)). Let t(q) = 5*q**2 - 6*q + 25. Let b be t(4). Calculate the greatest common divisor of b and v.
9
Suppose -9*g + 447 = -48. What is the highest common divisor of g and 385?
55
Suppose -2*p + 4*a = -18, -p - 5*a - 20 = -64. Let b = 35 - p. Let h = -48 + 80. Calculate the highest common factor of h and b.
16
Suppose 3*g - 10 = 320. Let t(z) = z**2 + 6*z - 5. Suppose 5*l = 25, 0 = -k - 2*l + 3*l - 14. Let p be t(k). Calculate the greatest common divisor of p and g.
22
Suppose 5*l + 6 = -4*m, 3*l + 3*m + 0 = -3. Let g = l + 0. Let v be -2 - 0 - g*5. Calculate the highest common factor of v and 88.
8
Let k = 130 + -117. Let z(l) = l**2 + 2*l. Let y be z(-3). Suppose -i - 208 = -y*i. What is the highest common divisor of i and k?
13
Let p be (10 - (-28)/(-4))*(1 + 0). Let q be 96/p*((-3)/(-2) + -1). What is the greatest common factor of q and 2?
2
Let o be (-3)/(24/(-766)) - 1/(-4). What is the greatest common divisor of 208 and o?
16
Let g(h) = 2*h**3 - 15*h**2 - 9*h + 18. Let b be g(8). Suppose 4*f = 2 + b. What is the greatest common factor of 3 and f?
3
Suppose -t + 6*t = 410. Calculate the greatest common factor of 2 and t.
2
Let z be (-101 + 20)*29/(-3). Calculate the highest common factor of z and 87.
87
Suppose -15*w - 6 = 84. Let i be (-762)/(-9) + w/9. Calculate the highest common factor of i and 24.
12
Let j be (5 - (-255)/(-20))*(9 + -13). What is the highest common divisor of 2635 and j?
31
Suppose 0 = 20*o - 468 - 1072. What is the greatest common factor of 224 and o?
7
Let y = 716 + -668. Calculate the highest common divisor of 88 and y.
8
Let b(n) = -13*n + 523. Let k be b(37). What is the highest common divisor of 1946 and k?
14
Let n be ((-10)/(-1))/(7/28). Let h be n/12 + (-6)/(-9). Suppose -4*x - 3*f = -0*x - 410, -h*f + 304 = 3*x. What is the highest common factor of 13 and x?
13
Let m = -9 - -10. Let c be (m + (-27)/3)/(-2). Let i(u) = 6*u + 2. Let x be i(c). What is the greatest common factor of x and 65?
13
Let o(k) = -4*k**2 - 18*k + 16. Let v be o(-5). Calculate the greatest common divisor of 138 and v.
6
Suppose 206 - 101 = 5*f. What is the highest common divisor of 42 and f?
21
Suppose -2*w - 20 = -7*w. Suppose 0 = -4*k - 20, 5*k + 28 = j - w. Let o(z) = -12*z + 2. Let b be o(-1). Calculate the highest common divisor of b and j.
7
Suppose 5*w - 35 = -0*w. Let q(z) = -1 - 4 - z + 26. Let n be q(0). Calculate the greatest common divisor of w and n.
7
Let j(l) = -19*l + 1. Let w be j(1). Let m be (-712)/(-24) - 2/(-6). Let n = m + w. What is the greatest common divisor of 108 and n?
12
Let o(n) = -n - 12. Let g be o(-14). Suppose -2*m = -m + g. Let t be 5/((-40)/12)*m. Calculate the greatest common factor of 27 and t.
3
Let i = 5 + 5. Let n(w) = 2*w**2 - 5*w + 3. Let b be n(3). Suppose -3*m + b = 2*d, -3*d - 5 = 4. What is the greatest common divisor of m and i?
2
Let q(x) = -4*x**2 - x + 1027. Let f be q(0). What is the greatest common factor of f and 13?
13
Let d be -24 - ((2 - 1) + 1). Let p(g) = 41*g**3 + g**2 + 2*g + 1. Let w be p(-1). Le